 the hundred millions digit of 1111246970?
1
What is the ten thousands digit of 51685783?
8
What is the thousands digit of 1865530708?
0
What is the hundred millions digit of 147719121?
1
What is the tens digit of 5204140?
4
What is the hundred millions digit of 364916998?
3
What is the hundreds digit of 6182047372?
3
What is the tens digit of 276543779?
7
What is the hundreds digit of 8202552010?
0
What is the units digit of 5213516472?
2
What is the hundred millions digit of 1046174784?
0
What is the billions digit of 1397384129?
1
What is the millions digit of 352661411?
2
What is the millions digit of 2418100949?
8
What is the thousands digit of 74378317?
8
What is the tens digit of 172085254?
5
What is the ten thousands digit of 52269735?
6
What is the ten millions digit of 583971818?
8
What is the tens digit of 1454213200?
0
What is the ten thousands digit of 1064987467?
8
What is the thousands digit of 1872655843?
5
What is the millions digit of 1560868?
1
What is the hundred millions digit of 108851084?
1
What is the thousands digit of 760558500?
8
What is the ten millions digit of 22245136?
2
What is the millions digit of 241058586?
1
What is the hundred thousands digit of 694673739?
6
What is the ten thousands digit of 525160018?
6
What is the tens digit of 197137069?
6
What is the thousands digit of 12892914?
2
What is the hundred thousands digit of 182196990?
1
What is the hundreds digit of 1025202687?
6
What is the tens digit of 302486221?
2
What is the millions digit of 62769651?
2
What is the hundred thousands digit of 966320115?
3
What is the ten thousands digit of 41271718?
7
What is the millions digit of 193180947?
3
What is the tens digit of 809855819?
1
What is the ten millions digit of 1620286130?
2
What is the ten millions digit of 286379779?
8
What is the hundreds digit of 270766712?
7
What is the ten millions digit of 226160210?
2
What is the millions digit of 121036912?
1
What is the thousands digit of 394699637?
9
What is the ten millions digit of 267883901?
6
What is the units digit of 656037143?
3
What is the millions digit of 213340478?
3
What is the units digit of 1640881323?
3
What is the hundred millions digit of 209333887?
2
What is the tens digit of 884311120?
2
What is the thousands digit of 1118692279?
2
What is the ten millions digit of 67975263?
6
What is the tens digit of 80760047?
4
What is the ten thousands digit of 82954137?
5
What is the ten millions digit of 1699900310?
9
What is the ten millions digit of 4134809402?
3
What is the thousands digit of 1014338262?
8
What is the ten millions digit of 136056944?
3
What is the millions digit of 1155120454?
5
What is the millions digit of 7587041967?
7
What is the tens digit of 458890218?
1
What is the tens digit of 48152522?
2
What is the hundred millions digit of 591764248?
5
What is the hundred millions digit of 1947934408?
9
What is the hundreds digit of 1141875003?
0
What is the millions digit of 296756811?
6
What is the hundred thousands digit of 68915869?
9
What is the ten millions digit of 11622770?
1
What is the millions digit of 957362551?
7
What is the units digit of 351292273?
3
What is the ten thousands digit of 1243973963?
7
What is the units digit of 19440496?
6
What is the units digit of 1113490092?
2
What is the hundred millions digit of 527842343?
5
What is the hundred millions digit of 130411031?
1
What is the thousands digit of 44038397?
8
What is the hundred thousands digit of 76498339?
4
What is the ten millions digit of 1586916012?
8
What is the tens digit of 60364141?
4
What is the millions digit of 1469291790?
9
What is the hundreds digit of 83555672?
6
What is the thousands digit of 1022551472?
1
What is the hundreds digit of 664983752?
7
What is the hundreds digit of 19655575?
5
What is the thousands digit of 8890903?
0
What is the ten thousands digit of 11821601?
2
What is the thousands digit of 736912025?
2
What is the hundreds digit of 268305550?
5
What is the hundreds digit of 1436667097?
0
What is the hundred millions digit of 119524838?
1
What is the hundred thousands digit of 247687823?
6
What is the units digit of 252454821?
1
What is the thousands digit of 5677142438?
2
What is the hundred millions digit of 365905919?
3
What is the ten thousands digit of 3666101149?
0
What is the billions digit of 2350847038?
2
What is the hundred millions digit of 161229002?
1
What is the units digit of 1729741225?
5
What is the hundred millions digit of 1092049178?
0
What is the hundreds digit of 113471033?
0
What is the thousands digit of 71759506?
9
What is the millions digit of 266384250?
6
What is the hundred millions digit of 732955414?
7
What is the ten millions digit of 102159426?
0
What is the thousands digit of 430462280?
2
What is the billions digit of 5302972417?
5
What is the ten thousands digit of 109154481?
5
What is the hundred thousands digit of 10357739?
3
What is the thousands digit of 70042896?
2
What is the millions digit of 277897307?
7
What is the ten millions digit of 423766031?
2
What is the millions digit of 8732243?
8
What is the hundred millions digit of 117569993?
1
What is the units digit of 1774138872?
2
What is the thousands digit of 4095326013?
6
What is the ten thousands digit of 54713747?
1
What is the millions digit of 44154460?
4
What is the units digit of 929916004?
4
What is the hundred thousands digit of 463638570?
6
What is the tens digit of 1302407489?
8
What is the tens digit of 246715509?
0
What is the units digit of 534947843?
3
What is the hundreds digit of 2970588215?
2
What is the millions digit of 630554406?
0
What is the ten thousands digit of 68117914?
1
What is the thousands digit of 4212076763?
6
What is the hundred thousands digit of 22360528?
3
What is the hundred millions digit of 239013636?
2
What is the units digit of 66355435?
5
What is the thousands digit of 105215266?
5
What is the tens digit of 2084804432?
3
What is the ten millions digit of 3171155399?
7
What is the millions digit of 54079847?
4
What is the hundreds digit of 25873223?
2
What is the hundred thousands digit of 3567135491?
1
What is the hundreds digit of 1817459?
4
What is the millions digit of 1492740337?
2
What is the millions digit of 922904293?
2
What is the ten millions digit of 798037076?
9
What is the thousands digit of 82262640?
2
What is the tens digit of 9981828?
2
What is the tens digit of 8196799?
9
What is the millions digit of 301976418?
1
What is the thousands digit of 75299633?
9
What is the hundreds digit of 34530583?
5
What is the ten millions digit of 50576973?
5
What is the millions digit of 139644900?
9
What is the tens digit of 6116803935?
3
What is the hundred thousands digit of 66926276?
9
What is the tens digit of 1232560369?
6
What is the ten thousands digit of 97303417?
0
What is the millions digit of 833349167?
3
What is the ten millions digit of 197822339?
9
What is the tens digit of 5814397?
9
What is the units digit of 35216917?
7
What is the tens digit of 919914530?
3
What is the ten thousands digit of 1004467858?
6
What is the ten thousands digit of 1216970565?
7
What is the millions digit of 41229321?
1
What is the hundreds digit of 23562103?
1
What is the hundreds digit of 30836804?
8
What is the ten millions digit of 88939533?
8
What is the tens digit of 3987091253?
5
What is the tens digit of 1709246376?
7
What is the millions digit of 80479719?
0
What is the millions digit of 6317037?
6
What is the ten millions digit of 24161593?
2
What is the thousands digit of 991961801?
1
What is the units digit of 109288559?
9
What is the thousands digit of 1283942810?
2
What is the units digit of 29153176?
6
What is the thousands digit of 752885341?
5
What is the units digit of 82124765?
5
What is the hundreds digit of 1116734524?
5
What is the billions digit of 4355921954?
4
What is the hundred thousands digit of 22640919?
6
What is the units digit of 1566703882?
2
What is the hundred thousands digit of 1842244900?
2
What is the hundred thousands digit of 31840669?
8
What is the ten thousands digit of 9908821?
0
What is the ten thousands digit of 579478?
7
What is the millions digit of 296063539?
6
What is the ten thousands digit of 734691485?
9
What is the units digit of 30986932